1765886.
1551
Calculate the highest common divisor of 4179 and 55627863.
597
Calculate the highest common factor of 27710 and 241230.
170
What is the highest common factor of 453163829 and 79?
79
What is the greatest common divisor of 100870 and 1408?
22
What is the greatest common divisor of 663218149 and 1793?
1793
Calculate the highest common divisor of 8866393 and 9988.
227
Calculate the highest common factor of 14872 and 4777432.
88
What is the highest common factor of 3046875 and 2730?
195
Calculate the greatest common factor of 9067 and 16.
1
What is the highest common factor of 2114 and 24943086?
2114
Calculate the greatest common divisor of 12180290 and 13774.
194
What is the greatest common divisor of 666 and 144810?
18
What is the highest common factor of 18812 and 618119993?
4703
What is the highest common factor of 73223 and 128501?
37
Calculate the greatest common divisor of 211692 and 42640.
52
Calculate the greatest common divisor of 614209 and 183.
61
Calculate the greatest common factor of 54897 and 277009.
631
What is the highest common divisor of 42329027 and 137?
137
Calculate the highest common divisor of 26385236 and 4324.
188
Calculate the greatest common factor of 16800 and 45937500.
2100
What is the highest common divisor of 66 and 3093168738?
66
Calculate the greatest common divisor of 1305141 and 7905.
51
Calculate the highest common divisor of 28719 and 1737.
9
What is the greatest common divisor of 735 and 4755345?
105
What is the highest common divisor of 41838 and 22686?
114
What is the highest common divisor of 224211687 and 63?
21
What is the greatest common factor of 11 and 268886?
1
Calculate the highest common factor of 3220496 and 80.
16
What is the greatest common divisor of 57455 and 6250?
5
What is the highest common factor of 118263 and 93812?
499
What is the greatest common divisor of 9594 and 421200585?
4797
Calculate the greatest common factor of 345 and 785943005.
115
What is the highest common divisor of 36625 and 22218776?
293
Calculate the highest common factor of 143644452 and 2604.
2604
Calculate the greatest common divisor of 204534153 and 162.
81
Calculate the greatest common factor of 353459280 and 4560.
4560
Calculate the highest common divisor of 168128 and 7938936.
568
Calculate the greatest common divisor of 2114 and 17593614.
302
What is the highest common divisor of 456 and 778235592?
456
Calculate the highest common factor of 13937306 and 365.
73
What is the greatest common divisor of 16231088 and 17314?
1574
Calculate the greatest common divisor of 110 and 21947065.
5
Calculate the greatest common divisor of 140268 and 1752.
12
Calculate the highest common divisor of 498410 and 42158.
394
Calculate the highest common divisor of 21268952 and 37496.
872
What is the greatest common factor of 1610 and 170690590?
1610
Calculate the highest common factor of 1108883 and 228230.
787
Calculate the greatest common factor of 91109676 and 28.
28
Calculate the highest common factor of 2137198 and 462.
14
What is the greatest common factor of 15400 and 15481816?
56
Calculate the greatest common factor of 15064449 and 724.
181
Calculate the greatest common factor of 16280619 and 69.
69
Calculate the greatest common divisor of 1150 and 29565810.
230
What is the greatest common factor of 45133 and 95488?
373
Calculate the highest common factor of 35827 and 905446.
3257
What is the greatest common divisor of 2308 and 462055253?
577
Calculate the highest common factor of 36597209 and 46.
23
What is the greatest common factor of 2508855 and 1520?
95
What is the greatest common divisor of 451 and 9893587?
451
What is the highest common factor of 82 and 202157429?
41
Calculate the highest common factor of 126522150 and 6.
6
What is the highest common factor of 1183914 and 730?
146
Calculate the highest common factor of 3307435780 and 440.
220
What is the greatest common divisor of 6621733 and 61?
61
Calculate the highest common factor of 368 and 3952048.
16
What is the greatest common factor of 105 and 80395?
35
Calculate the highest common divisor of 7650271 and 5401.
491
What is the greatest common divisor of 1429185427 and 17?
17
Calculate the greatest common factor of 1134452048 and 8.
8
Calculate the highest common factor of 12 and 1003936404.
12
What is the greatest common factor of 7 and 188426714?
7
What is the highest common factor of 33 and 1093983?
33
What is the greatest common divisor of 85132310 and 1060?
530
What is the greatest common factor of 167823 and 837?
9
What is the greatest common factor of 2930661 and 729?
81
Calculate the greatest common factor of 5424 and 328971476.
452
What is the highest common factor of 509270 and 1399490?
4010
Calculate the highest common factor of 10887 and 278669.
191
What is the greatest common divisor of 6363361 and 581?
83
Calculate the greatest common divisor of 59335034 and 398.
398
What is the highest common factor of 3186 and 1195492338?
3186
Calculate the highest common factor of 8883618 and 860876.
5186
What is the greatest common divisor of 11 and 2843?
1
What is the greatest common factor of 522 and 3160594?
58
Calculate the highest common divisor of 5589 and 514942515.
5589
Calculate the greatest common factor of 54870957 and 81.
9
What is the greatest common divisor of 15 and 1369128165?
15
What is the greatest common factor of 1164496194 and 642?
642
Calculate the highest common divisor of 10 and 25342160.
10
Calculate the greatest common divisor of 365999321 and 271.
271
Calculate the highest common divisor of 363 and 9390183.
33
What is the greatest common divisor of 16575 and 142155?
195
Calculate the highest common factor of 7053548116 and 347.
347
Calculate the highest common factor of 342 and 41195394.
18
What is the highest common divisor of 111901 and 182275?
317
Calculate the greatest common factor of 1817929 and 1309.
17
Calculate the highest common divisor of 1920 and 94635.
15
Calculate the greatest common divisor of 7818 and 204563182.
2606
Calculate the greatest common factor of 1036 and 13182582.
518
What is the highest common factor of 294 and 85628823?
147
Calculate the greatest common factor of 52768 and 9907968.
3104
Calculate the highest common divisor of 7371 and 119145.
39
What is the highest common divisor of 1648 and 368475496?
824
Calculate the greatest common factor of 207186208 and 31280.
6256
Calculate the highest common divisor of 1347182580 and 740.
740
Calculate the highest common divisor of 448 and 38966032.
112
Calculate the greatest common factor of 24144240 and 2460.
60
Calculate the highest common factor of 6187214 and 1573.
121
What is the greatest common divisor of 64585017 and 269?
269
What is the greatest common divisor of 51 and 1611945933?
51
What is the greatest common factor of 1497 and 43744835?
499
Calculate the highest common factor of 830 and 20370.
10
What is the highest common factor of 12108 and 19776?
12
Calculate the highest common factor of 59966010 and 90.
90
What is the highest common factor of 800 and 70050?
50
What is the greatest common factor of 10842149 and 344?
43
What is the highest common divisor of 59492113 and 2055?
137
What is the highest common factor of 689 and 400296?
13
Calculate the highest common divisor of 75 and 21671865.
15
Calculate the greatest common divisor of 4262811 and 1029.
21
What is the highest common divisor of 8384 and 92451416?
1048
What is the greatest common divisor of 1606 and 3151423?
11
Calculate the greatest common divisor of 36784 and 158631.
2299
Calculate the greatest common divisor of 6152 and 650521708.
3076
What is the greatest common factor of 9948 and 13695909?
2487
Calculate the greatest common factor of 242220 and 397828.
1468
Calculate the greatest common factor of 26752 and 300982.
22
What is the highest common divisor of 307705664 and 448?
448
What is the greatest common divisor of 509296 and 42136?
1832
Calculate the greatest common divisor of 262506503 and 22001.
3143
Calculate the highest common factor of 10439385 and 302.
151
What is the greatest common factor of 49560422 and 24?
2
What is the greatest common divisor of 694861 and 137471?
139
Calculate the greatest common factor of 2186631 and 457983.
1359
What is the greates